nits digit of 82702182?
2
What is the ten thousands digit of 1565322695?
2
What is the ten millions digit of 97155632?
9
What is the ten millions digit of 658739451?
5
What is the hundred millions digit of 4862606840?
8
What is the ten thousands digit of 131103247?
0
What is the millions digit of 8884596?
8
What is the tens digit of 3290346684?
8
What is the units digit of 77391263?
3
What is the ten thousands digit of 54153654?
5
What is the thousands digit of 7127534086?
4
What is the hundreds digit of 281618994?
9
What is the hundreds digit of 83957439?
4
What is the thousands digit of 41784176?
4
What is the millions digit of 688947369?
8
What is the ten thousands digit of 1319720706?
2
What is the hundreds digit of 245883492?
4
What is the hundreds digit of 481842718?
7
What is the thousands digit of 2955178285?
8
What is the tens digit of 37145608?
0
What is the millions digit of 25904353?
5
What is the hundred thousands digit of 15851204?
8
What is the ten thousands digit of 2124368?
2
What is the ten thousands digit of 132645293?
4
What is the tens digit of 1813388742?
4
What is the billions digit of 6305595899?
6
What is the ten millions digit of 1589022770?
8
What is the hundred millions digit of 1024012160?
0
What is the ten millions digit of 416781086?
1
What is the millions digit of 383547872?
3
What is the hundreds digit of 42743689?
6
What is the hundred millions digit of 559089419?
5
What is the ten thousands digit of 581648775?
4
What is the ten millions digit of 298523473?
9
What is the millions digit of 75297781?
5
What is the units digit of 53264559?
9
What is the hundred thousands digit of 4539791805?
7
What is the tens digit of 23530286?
8
What is the millions digit of 11661979?
1
What is the hundred millions digit of 1096687343?
0
What is the hundred thousands digit of 2573666858?
6
What is the hundred thousands digit of 1453426438?
4
What is the thousands digit of 22574499?
4
What is the units digit of 29809042?
2
What is the billions digit of 1761474510?
1
What is the thousands digit of 3757624?
7
What is the ten millions digit of 60307440?
6
What is the ten thousands digit of 4185294611?
9
What is the tens digit of 31090398?
9
What is the millions digit of 2803042327?
3
What is the hundreds digit of 333277964?
9
What is the tens digit of 7279419271?
7
What is the ten thousands digit of 16445187?
4
What is the units digit of 10539826?
6
What is the billions digit of 1780599418?
1
What is the hundred millions digit of 132798642?
1
What is the ten thousands digit of 861982280?
8
What is the hundred millions digit of 1783410713?
7
What is the tens digit of 147792195?
9
What is the thousands digit of 104834482?
4
What is the ten millions digit of 4397382583?
9
What is the billions digit of 1007183998?
1
What is the hundred millions digit of 1000379608?
0
What is the millions digit of 414089249?
4
What is the millions digit of 49911817?
9
What is the tens digit of 494178007?
0
What is the tens digit of 500143190?
9
What is the tens digit of 273504484?
8
What is the hundred millions digit of 1937496714?
9
What is the units digit of 39647029?
9
What is the hundreds digit of 69646616?
6
What is the hundred thousands digit of 104092499?
0
What is the thousands digit of 170189655?
9
What is the hundreds digit of 604874027?
0
What is the thousands digit of 4221521?
1
What is the ten thousands digit of 372486086?
8
What is the ten thousands digit of 1305391999?
9
What is the hundred thousands digit of 11808270?
8
What is the units digit of 528115813?
3
What is the hundred thousands digit of 3326148161?
1
What is the units digit of 5868710?
0
What is the ten millions digit of 90643387?
9
What is the thousands digit of 87303650?
3
What is the ten millions digit of 878297314?
7
What is the tens digit of 202382759?
5
What is the ten thousands digit of 1031909129?
0
What is the hundreds digit of 147490764?
7
What is the millions digit of 138610163?
8
What is the hundred thousands digit of 134033481?
0
What is the tens digit of 80292178?
7
What is the hundred millions digit of 745331775?
7
What is the ten thousands digit of 105526194?
2
What is the tens digit of 551842368?
6
What is the hundreds digit of 44670344?
3
What is the hundred millions digit of 223920825?
2
What is the units digit of 138321275?
5
What is the ten thousands digit of 498025323?
2
What is the hundreds digit of 799006508?
5
What is the units digit of 206502317?
7
What is the units digit of 154606929?
9
What is the units digit of 172864372?
2
What is the millions digit of 1386825863?
6
What is the ten millions digit of 209842906?
0
What is the thousands digit of 5463125480?
5
What is the thousands digit of 622202586?
2
What is the ten thousands digit of 88550418?
5
What is the hundreds digit of 40160215?
2
What is the units digit of 130092540?
0
What is the hundreds digit of 42461690?
6
What is the ten millions digit of 92713477?
9
What is the hundred thousands digit of 59396749?
3
What is the hundred millions digit of 1535179511?
5
What is the ten thousands digit of 899268777?
6
What is the millions digit of 553967421?
3
What is the hundred thousands digit of 1211194641?
1
What is the hundred thousands digit of 1317952851?
9
What is the millions digit of 4134611?
4
What is the hundred millions digit of 673216083?
6
What is the ten millions digit of 2482214121?
8
What is the millions digit of 80518320?
0
What is the millions digit of 20987742?
0
What is the units digit of 389159820?
0
What is the units digit of 1151444785?
5
What is the thousands digit of 1983181?
3
What is the ten thousands digit of 642329535?
2
What is the hundred millions digit of 441855794?
4
What is the millions digit of 68506915?
8
What is the tens digit of 258234765?
6
What is the hundred thousands digit of 4631728134?
7
What is the thousands digit of 38536308?
6
What is the billions digit of 2691673750?
2
What is the millions digit of 6508401632?
8
What is the hundreds digit of 25228240?
2
What is the hundred millions digit of 229004185?
2
What is the hundred thousands digit of 801400407?
4
What is the hundreds digit of 1020508162?
1
What is the tens digit of 130025573?
7
What is the tens digit of 144726978?
7
What is the hundred millions digit of 2548196286?
5
What is the thousands digit of 4920887579?
7
What is the hundreds digit of 26890917?
9
What is the tens digit of 65735151?
5
What is the hundred thousands digit of 1009423438?
4
What is the hundred millions digit of 798453735?
7
What is the ten thousands digit of 29788984?
8
What is the units digit of 214988680?
0
What is the hundreds digit of 58648906?
9
What is the hundred millions digit of 701313941?
7
What is the hundred millions digit of 809469502?
8
What is the tens digit of 1253369249?
4
What is the hundred thousands digit of 17064785?
0
What is the units digit of 1595140309?
9
What is the hundreds digit of 2565838052?
0
What is the units digit of 1340959152?
2
What is the millions digit of 3740306757?
0
What is the hundreds digit of 1624962323?
3
What is the millions digit of 354228114?
4
What is the units digit of 6881729639?
9
What is the hundreds digit of 741444511?
5
What is the ten thousands digit of 149838978?
3
What is the ten millions digit of 629036708?
2
What is the ten millions digit of 587145389?
8
What is the units digit of 2175221?
1
What is the ten thousands digit of 90892803?
9
What is the ten millions digit of 75431306?
7
What is the thousands digit of 363169401?
9
What is the hundreds digit of 595997414?
4
What is the hundreds digit of 1464537573?
5
What is the tens digit of 1377226063?
6
What is the thousands digit of 313204446?
4
What is the millions digit of 2045293656?
5
What is the ten millions digit of 146965574?
4
What is the ten millions digit of 308949312?
0
What is the tens digit of 268319125?
2
What is the millions digit of 2901092034?
1
What is the millions digit of 118422072?
8
What is the ten millions digit of 19763601?
1
What is the units digit of 3490619474?
4
What is the hundred millions digit of 3107517026?
1
What is the thousands digit of 173721008?
1
What is the hundreds digit of 67219944?
9
What is the hundreds digit of 532949536?
5
What is the hundreds digit of 62754294?
2
What is th